). What is the units digit of x(-15)?
6
Let y(h) = -h - 9. Let o be y(-11). Suppose o*c = -67 - 173. What is the units digit of (c/(-28))/5*49?
2
Suppose 2*h + 4*h = 11232. Suppose -5*d - h = -9*d. What is the hundreds digit of d?
4
Suppose 0*l = -2*l + 3*h + 91712, -3*l = -2*h - 137563. What is the ten thousands digit of l?
4
Let b(x) = -x**3 - 17*x**2 - 15*x + 14. Let l be b(-16). What is the units digit of (525/42)/(l/(-76))?
5
Suppose 23*h + 22*h - 315 = 0. Suppose 3*v + h*s - 11*s - 1004 = 0, s + 5 = 0. What is the tens digit of v?
2
Let x(h) be the first derivative of -9*h**4/4 + 4*h**3/3 - h**2/2 - h - 2. Let a = -398 + 396. What is the tens digit of x(a)?
8
Let m(j) = -61299*j**3 + 3*j**2 + 33*j + 31. What is the units digit of m(-1)?
0
Suppose 2*g - 9 = -3. Suppose -3*d = 2*d - g*d. Let f(z) = -z**3 + z**2 - z + 78. What is the tens digit of f(d)?
7
What is the thousands digit of (-1 + (0 - 686))/((-1)/21*7)?
2
Let k(y) = -110*y + 218. Let h be k(5). Let z = -62 - h. What is the units digit of z?
0
Let l = -124 + 86. Let m = -35 - l. Suppose 0*g + m*g = 324. What is the units digit of g?
8
Suppose 6*r + 1 = 25. Suppose 5*p = 20, 23*f + r*p = 22*f + 126. What is the units digit of f?
0
Let a = 988 - -1113. What is the tens digit of a?
0
Suppose 6982 = 4*m + 4*r + 766, 0 = -m + 5*r + 1548. What is the tens digit of m?
5
Suppose -347115 + 62103 = -28*d. What is the tens digit of d?
7
Let q(k) = -k**3 + 66*k**2 - 287*k + 340. What is the thousands digit of q(61)?
1
Suppose 3*c + 15 = 3*a - 2*a, a = 4*c + 19. Suppose -a*b + 2*b = -246. Suppose -1591 = -5*g - b. What is the tens digit of g?
6
Let m = -388 + 422. Let i = 122 + m. What is the tens digit of i?
5
Suppose 6*w + 34744 = 10*w + 5*j, 2*w = -4*j + 17378. What is the tens digit of w?
8
Suppose 0 = m + 3, 0 = 3*d - m - 24 + 3. Suppose 755 + 949 = d*x. What is the units digit of x?
4
Suppose 16*q - 200360 = -4*q. What is the thousands digit of q?
0
Let c be (3/(-9))/(6/3105)*-2. Suppose 1035 = 2*v + v + 5*w, 4*w = v - c. What is the hundreds digit of v?
3
Let r(c) = -11*c + 56. Let v(d) = d**2 - 20*d - 79. Let k be v(23). What is the hundreds digit of r(k)?
1
Let s(o) = -7*o**3 - 3*o**2 + o - 4. Let q be s(-2). Let t = 144 - q. What is the hundreds digit of t?
1
Let v = -433 + 450. Let b(z) = 18*z - 14. What is the hundreds digit of b(v)?
2
Suppose -4*y + 2 = -18, 0 = 3*s - 2*y - 38. Suppose -4 = -4*p + 4, -4*w + s = 2*p. What is the units digit of 3*2 + w + (3 - 5)?
7
Suppose -3675 = -92*h + 91*h - f, 4*h - 14684 = 4*f. What is the hundreds digit of h?
6
Let f = 10499 - 5811. What is the hundreds digit of f?
6
Suppose 4*z = 6*z. Suppose -5*t - 134 = 4*w + 21, 4*w + 20 = z. Let k = t + 50. What is the units digit of k?
3
Suppose 90*k + 47*k - 1568787 = 0. What is the tens digit of k?
5
Let r be 160/6*(-648)/(-90). What is the hundreds digit of (4/(-2) + -2)*(-9648)/r?
2
Let i(y) be the first derivative of y**4/24 + 152*y**3/3 + 5*y**2 + 4*y - 43. Let p(g) be the second derivative of i(g). What is the tens digit of p(0)?
0
Let s(w) = 8*w**2 - 1. Let r(a) = 7*a**2. Let b(m) = -6*r(m) + 7*s(m). What is the tens digit of b(-6)?
9
Let p be 23627/5 - ((-36)/15)/4. Suppose -p = -14*k + 3534. What is the tens digit of k?
9
Let r = 834 - 129. Suppose 2*w = 215 + r. What is the hundreds digit of w?
4
Let u be (-16)/3 - (-6)/(-9). Let c(w) = -10*w**3 - w**2 + 24*w - 71. Let g be c(5). What is the hundreds digit of 11/(-33) + g/u?
2
Let n be (4*4/16)/((-4)/860). Let w = n + 152. What is the units digit of (-1322)/(-14) - (-27)/w?
4
Let g = -161 + 165. Suppose 5*o - 10 = 0, g*a = 5*a - 4*o - 915. What is the hundreds digit of a?
9
Suppose 50 = -0*m + 5*m. Suppose -m*a - 24 - 6 = 0. What is the units digit of 4/a - (-2002)/21?
4
Suppose -243*a - 18 = -246*a. What is the hundreds digit of (-1 + 4)*694/a?
3
Suppose -64*c + 107*c = -204*c + 3692897. What is the units digit of c?
1
Let p = -86 + 94. Suppose -p*l = 5*l - 806. Let g = 113 + l. What is the units digit of g?
5
Suppose 281 + 199 = -4*h. What is the tens digit of ((-29840)/h)/(4/6)?
7
Let j = -21573 - -35988. What is the ten thousands digit of j?
1
Let h(u) be the second derivative of -59*u**3/2 + 37*u**2/2 + 130*u. What is the hundreds digit of h(-1)?
2
Suppose 3*g + 5*o - 7 = 0, -3*g - 2 + 17 = -3*o. Suppose -5007 = -g*t - 987. What is the thousands digit of t?
1
Let t(i) = 90*i - 53. Let o be t(7). Suppose -10*s + 733 = -o. What is the hundreds digit of s?
1
Let k = 223 + -97. Let u = k + 271. What is the hundreds digit of u?
3
What is the hundreds digit of (432/(-40))/((-2)/715)?
8
Let b = 222 - 222. Suppose y - 5*y + 1092 = b. What is the hundreds digit of y?
2
Suppose 85*j - 601661 - 186523 = 1331971. What is the thousands digit of j?
4
Let k be 6/(-3 - 0) + (1 - -1). Suppose 5*d - 2*d = 4*u + 7, -d + u + 2 = k. What is the units digit of (-8)/12*-12 - -1*d?
9
Suppose 0 = 32*y - 35*y + 12. Suppose y*i + 30 = 5*n + 2*i, -2*n = 3*i - 12. Let h(l) = -l**3 + 7*l**2 + 2*l + 8. What is the tens digit of h(n)?
5
Let b be (1/2)/((-2)/(-24)). Let i(a) = a**2 - 7*a - 210. Let j be i(-13). Suppose 0 = -b*q + q + j. What is the tens digit of q?
1
Let o = -36 + 120. Suppose -o = 2*y - 500. What is the tens digit of 1/(((-6)/y)/(63/(-28)))?
7
Let v(p) = 1312*p + 52. What is the thousands digit of v(2)?
2
What is the units digit of ((-16)/6)/(-2) - 2017*(-841)/87?
9
Suppose h + 4*n - 2136 = 2*h, -3*h = 2*n + 6450. Let a be h/28 + (-6)/21. Let w = 107 - a. What is the units digit of w?
4
Let p(v) = v**2 - v - 3. Let m be p(3). Suppose b + m*g = -14, -4*g + 8 = -2*g. Let l = -5 - b. What is the units digit of l?
1
Suppose -5*a + 4*q + 41 = 9, -a - 5*q - 11 = 0. Let s be (-1)/((-5)/2 - (-86)/36). What is the tens digit of s/(-6)*-26 + a?
4
Suppose 3*z - 129 = -z + 5*b, 5*z = -3*b + 189. Let a = z + 165. What is the tens digit of a?
0
Suppose -5*j - 3*j = -24. Suppose j*u - l = 1, -4*l - 4 = -3*u + u. Suppose 108 = 3*t - u*t. What is the tens digit of t?
3
Let w(a) = 63*a**3 - 3*a**2 - 19. What is the hundreds digit of w(7)?
4
Let i(z) = z**3 + 8*z**2 + 11*z - 1. Let x be i(-6). Suppose -x*f - 3*m = -2589, 3*f - 1537 = -3*m + 14. What is the tens digit of f?
1
Suppose 2*i - 88752 - 51032 = 0. What is the units digit of i?
2
Suppose -44*m = -31*m + 14092. Let h = m - -1541. What is the units digit of h?
7
Suppose -4*k = -3*n + 55, 2*k - 3*k - 5*n - 31 = 0. Let o(l) be the second derivative of -7*l**3/6 - 20*l**2 - l. What is the units digit of o(k)?
2
Suppose -j = -5*q + 70, 3*j + j - q = -242. Let k be 1012/(-10) + (-6)/(j/2). What is the hundreds digit of (-1 - k) + (1 - -2)?
1
Suppose -4*r + 130530 = 2*b, 45444 = r + 3*b + 12824. What is the hundreds digit of r?
6
Let d be (45/25 - 1)*(-15)/2. Let b be 1/((d/(-27))/((-20)/(-45))). What is the units digit of -2*b/(-4) - -90?
1
Let y = 145 - 145. Suppose -3*m = -3*x + 2 - 26, -3*x + 9 = y. What is the units digit of m?
1
Suppose 6*d = 4*d + 2*w, 4*w + 1 = 5*d. Suppose -d = v - 3. Suppose v*m - 3 = m. What is the units digit of m?
3
Let a(s) = 38*s + 154. Let o be a(-4). Suppose 4*t + 383 + 425 = o*x, -5*t = 3*x - 1212. What is the tens digit of x?
0
Let s be ((-78)/(-12))/((-2)/(-16))*1. Let p = s + -54. What is the units digit of p/(2/3) - -2*41?
9
Let y(f) = f**2 - 14 + 15 - 147*f**3 + 2*f + 0*f**2. Let b be y(-1). Let g = b + -81. What is the tens digit of g?
6
Suppose 2*k - 7 = 1, 0 = -2*p + k - 78. Let r = p - -42. Suppose 0 = r*j + 5*j - 1740. What is the hundreds digit of j?
1
Let t(r) = 66*r**2 + 136*r + 1260. What is the tens digit of t(-11)?
5
Let t = 35447 + -21031. What is the units digit of t?
6
Let p(k) = -k**3 - 5*k**2 + 9*k + 20. Let i be p(-6). What is the units digit of 18 + -16 + i*51*4?
0
Suppose 4*p - 15 = -p - 2*y, 0 = -4*y - 20. Suppose -4*j - 3*s + 1441 = -1762, 0 = -3*j - p*s + 2394. What is the tens digit of j?
0
Suppose c - 6*c + 10 = 0. Suppose 0 = 4*j - 17 + 1, 4*t + 4*j = 24. What is the tens digit of t/2 - c - -62?
6
Let h(g) = g**2 + 17. Let m(w) = w**3 + 9*w**2 - 2*w - 20. Let v be m(-9). Let o be 32/(4/(-2)) - v. What is the hundreds digit of h(o)?
2
What is the hundreds digit of (-6058816)/(-256) - (-14)/8?
6
Suppose 0 = -6*v + 5*v + 2. Suppose y = -v*d + 3123, -d +